{"id":25183,"date":"2017-01-10T21:22:23","date_gmt":"2017-01-10T23:22:23","guid":{"rendered":"http:\/\/www.vivianbergamo.com.br\/?page_id=25183"},"modified":"2017-09-05T23:19:55","modified_gmt":"2017-09-06T02:19:55","slug":"pagina-inicial","status":"publish","type":"page","link":"https:\/\/www.vivianbergamo.com.br\/pagina-inicial\/","title":{"rendered":"P\u00e1gina Inicial"},"content":{"rendered":"<p>[et_pb_section fb_built=&#8221;1&#8243; admin_label=&#8221;section&#8221; _builder_version=&#8221;3.0.60&#8243;][et_pb_row admin_label=&#8221;row&#8221; _builder_version=&#8221;3.0.60&#8243; use_background_color_gradient=&#8221;on&#8221; background_color_gradient_start=&#8221;#027bed&#8221; background_color_gradient_end=&#8221;#027bed&#8221; background_size=&#8221;initial&#8221; background_position=&#8221;top_left&#8221; background_repeat=&#8221;repeat&#8221;][et_pb_column type=&#8221;4_4&#8243; _builder_version=&#8221;3.0.47&#8243; parallax=&#8221;off&#8221; parallax_method=&#8221;on&#8221;][et_pb_slider background_size=&#8221;contain&#8221; admin_label=&#8221;Slider&#8221; _builder_version=&#8221;3.0.60&#8243;][et_pb_slide background_image=&#8221;http:\/\/www.vivianbergamo.com.br\/wp-content\/uploads\/2017\/01\/cropped-Foto-l\u00e1pis-4.jpg&#8221; background_position=&#8221;default&#8221; background_size=&#8221;contain&#8221; background_color=&#8221;#f7f7f7&#8243; image=&#8221;http:\/\/www.vivianbergamo.com.br\/wp-content\/uploads\/2017\/01\/logo-psicopedagogia.gif&#8221; use_bg_overlay=&#8221;off&#8221; use_text_overlay=&#8221;off&#8221; _builder_version=&#8221;3.0.47&#8243; header_font=&#8221;||||&#8221; body_font=&#8221;||||&#8221; button_icon_placement=&#8221;right&#8221; button_on_hover=&#8221;on&#8221;]<\/p>\n<h1><strong>Cl\u00ednica Psicopedag\u00f3gica Vivian B\u00e9rgamo<\/strong><\/h1>\n<p>[\/et_pb_slide][\/et_pb_slider][\/et_pb_column][\/et_pb_row][\/et_pb_section][et_pb_section fb_built=&#8221;1&#8243; background_color=&#8221;#f7f7f7&#8243; inner_shadow=&#8221;on&#8221; fullwidth=&#8221;on&#8221; admin_label=&#8221;section&#8221; _builder_version=&#8221;3.0.60&#8243; background_image=&#8221;http:\/\/www.vivianbergamo.com.br\/wp-content\/uploads\/2017\/07\/1555e1c2a739f3583c0cd5c0b2d8fe38.jpg&#8221;][et_pb_fullwidth_header title=&#8221;Desde 2010 transformando vidas!&#8221; background_layout=&#8221;dark&#8221; text_orientation=&#8221;center&#8221; admin_label=&#8221;Fullwidth Header&#8221; _builder_version=&#8221;3.0.60&#8243; title_font=&#8221;||||&#8221; title_font_size=&#8221;40px&#8221;][\/et_pb_fullwidth_header][\/et_pb_section][et_pb_section fb_built=&#8221;1&#8243; admin_label=&#8221;section&#8221; _builder_version=&#8221;3.0.47&#8243;][et_pb_row admin_label=&#8221;row&#8221; _builder_version=&#8221;3.0.47&#8243; background_size=&#8221;initial&#8221; background_position=&#8221;top_left&#8221; background_repeat=&#8221;repeat&#8221;][et_pb_column type=&#8221;1_4&#8243; _builder_version=&#8221;3.0.47&#8243; parallax=&#8221;off&#8221; parallax_method=&#8221;on&#8221;][et_pb_blurb title=&#8221;Quem somos?&#8221; url=&#8221;http:\/\/www.vivianbergamo.com.br\/quem-somos\/&#8221; icon_color=&#8221;#a8a8a8&#8243; use_circle=&#8221;on&#8221; circle_color=&#8221;#ffffff&#8221; use_circle_border=&#8221;on&#8221; circle_border_color=&#8221;#e0e0e0&#8243; image=&#8221;http:\/\/www.vivianbergamo.com.br\/wp-content\/uploads\/2017\/01\/000_0021.jpg&#8221; text_orientation=&#8221;center&#8221; admin_label=&#8221;Blurb&#8221; _builder_version=&#8221;3.0.47&#8243; background_size=&#8221;initial&#8221; background_position=&#8221;top_left&#8221; background_repeat=&#8221;repeat&#8221;] [\/et_pb_blurb][\/et_pb_column][et_pb_column type=&#8221;1_4&#8243; _builder_version=&#8221;3.0.47&#8243; parallax=&#8221;off&#8221; parallax_method=&#8221;on&#8221;][et_pb_blurb title=&#8221;Saiba mais sobre Psicopedagogia&#8221; url=&#8221;http:\/\/www.vivianbergamo.com.br\/sobre-a-psicopedagogia\/&#8221; icon_color=&#8221;#a8a8a8&#8243; use_circle=&#8221;on&#8221; circle_color=&#8221;#ffffff&#8221; use_circle_border=&#8221;on&#8221; circle_border_color=&#8221;#e0e0e0&#8243; image=&#8221;http:\/\/www.vivianbergamo.com.br\/wp-content\/uploads\/2017\/07\/brincadeira-intervencao.jpg&#8221; text_orientation=&#8221;center&#8221; admin_label=&#8221;Blurb&#8221; _builder_version=&#8221;3.0.60&#8243; background_size=&#8221;initial&#8221; background_position=&#8221;top_left&#8221; background_repeat=&#8221;repeat&#8221;] [\/et_pb_blurb][\/et_pb_column][et_pb_column type=&#8221;1_4&#8243; _builder_version=&#8221;3.0.47&#8243; parallax=&#8221;off&#8221; parallax_method=&#8221;on&#8221;][et_pb_blurb title=&#8221;Fale conosco&#8221; url=&#8221;http:\/\/www.vivianbergamo.com.br\/fale-conosco\/&#8221; icon_color=&#8221;#a8a8a8&#8243; use_circle=&#8221;on&#8221; circle_color=&#8221;#ffffff&#8221; use_circle_border=&#8221;on&#8221; circle_border_color=&#8221;#e0e0e0&#8243; image=&#8221;http:\/\/www.vivianbergamo.com.br\/wp-content\/uploads\/2017\/07\/Fale-Conosco.png&#8221; text_orientation=&#8221;center&#8221; admin_label=&#8221;Blurb&#8221; _builder_version=&#8221;3.0.60&#8243; background_size=&#8221;initial&#8221; background_position=&#8221;top_left&#8221; background_repeat=&#8221;repeat&#8221;] [\/et_pb_blurb][\/et_pb_column][et_pb_column type=&#8221;1_4&#8243; _builder_version=&#8221;3.0.47&#8243; parallax=&#8221;off&#8221; parallax_method=&#8221;on&#8221;][\/et_pb_column][\/et_pb_row][et_pb_row admin_label=&#8221;row&#8221; _builder_version=&#8221;3.0.47&#8243; background_size=&#8221;initial&#8221; background_position=&#8221;top_left&#8221; background_repeat=&#8221;repeat&#8221;][et_pb_column type=&#8221;4_4&#8243; _builder_version=&#8221;3.0.47&#8243; parallax=&#8221;off&#8221; parallax_method=&#8221;on&#8221;][et_pb_cta title=&#8221;Nosso endere\u00e7o&#8221; button_url=&#8221;#&#8221; background_color=&#8221;#0c71c3&#8243; admin_label=&#8221;Call To Action&#8221; _builder_version=&#8221;3.0.47&#8243; background_size=&#8221;initial&#8221; background_position=&#8221;top_left&#8221; background_repeat=&#8221;repeat&#8221;]<\/p>\n<p>Rua Thomas Nogueira Gaia 1346 &#8211; Jd. S&atilde;o Luiz &#8211; Ribeir&atilde;o Preto SP<\/p>\n<p>Fone: (16) 3043-2997<\/p>\n<p>Whatsapp: (16) 99717-2997<\/p>\n<p>[\/et_pb_cta][\/et_pb_column][\/et_pb_row][\/et_pb_section]<\/p>\n","protected":false},"excerpt":{"rendered":"<p>Cl\u00ednica Psicopedag\u00f3gica Vivian B\u00e9rgamo Rua Thomas Nogueira Gaia 1346 &#8211; Jd. S&atilde;o Luiz &#8211; Ribeir&atilde;o Preto SP Fone: (16) 3043-2997 Whatsapp: (16) 99717-2997<\/p>\n","protected":false},"author":1,"featured_media":0,"parent":0,"menu_order":0,"comment_status":"closed","ping_status":"closed","template":"","meta":{"_et_pb_use_builder":"on","_et_pb_old_content":"","_et_gb_content_width":"","footnotes":""},"class_list":["post-25183","page","type-page","status-publish","hentry"],"_links":{"self":[{"href":"https:\/\/www.vivianbergamo.com.br\/pagina-inicial\/wp-json\/wp\/v2\/pages\/25183","targetHints":{"allow":["GET"]}}],"collection":[{"href":"https:\/\/www.vivianbergamo.com.br\/pagina-inicial\/wp-json\/wp\/v2\/pages"}],"about":[{"href":"https:\/\/www.vivianbergamo.com.br\/pagina-inicial\/wp-json\/wp\/v2\/types\/page"}],"author":[{"embeddable":true,"href":"https:\/\/www.vivianbergamo.com.br\/pagina-inicial\/wp-json\/wp\/v2\/users\/1"}],"replies":[{"embeddable":true,"href":"https:\/\/www.vivianbergamo.com.br\/pagina-inicial\/wp-json\/wp\/v2\/comments?post=25183"}],"version-history":[{"count":21,"href":"https:\/\/www.vivianbergamo.com.br\/pagina-inicial\/wp-json\/wp\/v2\/pages\/25183\/revisions"}],"predecessor-version":[{"id":25368,"href":"https:\/\/www.vivianbergamo.com.br\/pagina-inicial\/wp-json\/wp\/v2\/pages\/25183\/revisions\/25368"}],"wp:attachment":[{"href":"https:\/\/www.vivianbergamo.com.br\/pagina-inicial\/wp-json\/wp\/v2\/media?parent=25183"}],"curies":[{"name":"wp","href":"https:\/\/api.w.org\/{rel}","templated":true}]}}