{"id":25189,"date":"2017-01-10T22:03:56","date_gmt":"2017-01-11T00:03:56","guid":{"rendered":"http:\/\/www.vivianbergamo.com.br\/?page_id=25189"},"modified":"2018-08-11T16:43:54","modified_gmt":"2018-08-11T19:43:54","slug":"quem-somos","status":"publish","type":"page","link":"https:\/\/www.vivianbergamo.com.br\/pagina-inicial\/quem-somos\/","title":{"rendered":"Quem somos?"},"content":{"rendered":"<p>[et_pb_section fb_built=&#8221;1&#8243; admin_label=&#8221;section&#8221; _builder_version=&#8221;3.0.47&#8243;][et_pb_row admin_label=&#8221;row&#8221; _builder_version=&#8221;3.0.47&#8243; background_size=&#8221;initial&#8221; background_position=&#8221;top_left&#8221; background_repeat=&#8221;repeat&#8221;][et_pb_column type=&#8221;1_2&#8243; _builder_version=&#8221;3.0.47&#8243; parallax=&#8221;off&#8221; parallax_method=&#8221;on&#8221;][et_pb_image src=&#8221;http:\/\/www.vivianbergamo.com.br\/wp-content\/uploads\/2017\/01\/000_0021.jpg&#8221; admin_label=&#8221;Imagem&#8221; _builder_version=&#8221;3.0.47&#8243;] [\/et_pb_image][et_pb_image src=&#8221;http:\/\/www.vivianbergamo.com.br\/wp-content\/uploads\/2017\/01\/20170111_112357.jpg&#8221; admin_label=&#8221;Imagem&#8221; _builder_version=&#8221;3.0.47&#8243;] [\/et_pb_image][et_pb_image src=&#8221;http:\/\/www.vivianbergamo.com.br\/wp-content\/uploads\/2017\/01\/20170111_113452.jpg&#8221; admin_label=&#8221;Imagem&#8221; _builder_version=&#8221;3.0.47&#8243;] [\/et_pb_image][\/et_pb_column][et_pb_column type=&#8221;1_2&#8243; _builder_version=&#8221;3.0.47&#8243; parallax=&#8221;off&#8221; parallax_method=&#8221;on&#8221;][et_pb_text text_orientation=&#8221;justified&#8221; admin_label=&#8221;Texto&#8221; _builder_version=&#8221;3.0.47&#8243; background_size=&#8221;initial&#8221; background_position=&#8221;top_left&#8221; background_repeat=&#8221;repeat&#8221;]<\/p>\n<p>Sobre a Consult\u00f3rio Psicopedag\u00f3gico:<\/p>\n<p>O consult\u00f3rio psicopedag\u00f3gico atua desde 2010 na cidade de Ribeir\u00e3o Preto e regi\u00e3o, tendo o objetivo de oferecer apoio e orienta\u00e7\u00e3o \u00e0 popula\u00e7\u00e3o que necessita deste trabalho.<\/p>\n<p>A cada ano que passa vamos aprimorando o atendimento com a inten\u00e7\u00e3o de oferecer cada vez mais qualidade e dedica\u00e7\u00e3o ao nosso p\u00fablico.<\/p>\n<p>Regularmente inscrita na ABPp- Associa\u00e7\u00e3o Brasileira de Psicopedagogia prima por contemplar\u00a0 avalia\u00e7\u00f5es e atendimentos com interven\u00e7\u00f5es para pais e respons\u00e1veis, e crian\u00e7as, adolescentes e adultos com o\u00a0 objetivo de colaborar para o desenvolvimento e aprendizagem.<\/p>\n<p>Nossa Miss\u00e3o: A equipe psicopedag\u00f3gica busca oferecer atendimentos que tragam melhor qualidade na aprendizagem, buscando autonomia do educando e significados no processo de ensino-aprendizagem.<\/p>\n<p>Nossa Vis\u00e3o: A equipe psicopedag\u00f3gica busca oferecer atendimentos com qualidade, almejando ser refer\u00eancia na \u00e1rea da educa\u00e7\u00e3o e sa\u00fade.<\/p>\n<p>Nossos Valores: Sermos \u00e9tico e dedicados em rela\u00e7\u00e3o a todos atendimentos,\u00a0 buscarmos\u00a0 constantemente o melhor desenvolvimento e a melhor forma de aprendizagem.<\/p>\n<p>\u00a0<\/p>\n<p>O consult\u00f3rio psicopedag\u00f3gico oferece atendimentos de avalia\u00e7\u00e3o e interven\u00e7\u00e3o nas \u00e1reas que contemplam dist\u00farbios\/transtornos de aprendizagem e dificuldade de aprendizagem. Al\u00e9m disso, conta tamb\u00e9m com atendimentos voltados para a \u00e1rea da Educa\u00e7\u00e3o Especial, Comportamento e Desenvolvimento.<\/p>\n<p>O consult\u00f3rio \u00e9 composto por uma equipe psicopedag\u00f3gica e psicol\u00f3gica para atender crian\u00e7as, adolescentes, pais\/fam\u00edlias, e adultos que necessitam de apoio em tais\u00a0 \u00e1reas. Vale ressaltar que os atendimentos cl\u00ednicos podem ser realizados individualmente ou em grupos, dependendo da necessidade dos casos avaliados. Com o objetivo de obter melhor evolu\u00e7\u00e3o da aprendizagem, os atendimentos contam tamb\u00e9m com o acompanhamento escolar, oferecendo orienta\u00e7\u00f5es as escolas e institui\u00e7\u00f5es escolares.<\/p>\n<p>\u00a0<\/p>\n<p>Atendimentos Cl\u00ednicos: Avalia\u00e7\u00e3o, Interven\u00e7\u00e3o, Orienta\u00e7\u00e3o Escolar, Orienta\u00e7\u00e3o Familiar, Testes Vocacionais, Atendimentos Especializados na \u00c1rea de Educa\u00e7\u00e3o Especial &#8211; AEE.<\/p>\n<p>[\/et_pb_text][et_pb_image admin_label=&#8221;Imagem&#8221; _builder_version=&#8221;3.0.47&#8243;] [\/et_pb_image][\/et_pb_column][\/et_pb_row][\/et_pb_section]<\/p>\n","protected":false},"excerpt":{"rendered":"<p>Sobre a Consult\u00f3rio Psicopedag\u00f3gico: O consult\u00f3rio psicopedag\u00f3gico atua desde 2010 na cidade de Ribeir\u00e3o Preto e regi\u00e3o, tendo o objetivo de oferecer apoio e orienta\u00e7\u00e3o \u00e0 popula\u00e7\u00e3o que necessita deste trabalho. A cada ano que passa vamos aprimorando o atendimento com a inten\u00e7\u00e3o de oferecer cada vez mais qualidade e dedica\u00e7\u00e3o ao nosso p\u00fablico. Regularmente [&hellip;]<\/p>\n","protected":false},"author":1,"featured_media":0,"parent":0,"menu_order":0,"comment_status":"closed","ping_status":"closed","template":"","meta":{"_et_pb_use_builder":"on","_et_pb_old_content":"","_et_gb_content_width":"","footnotes":""},"class_list":["post-25189","page","type-page","status-publish","hentry"],"_links":{"self":[{"href":"https:\/\/www.vivianbergamo.com.br\/pagina-inicial\/wp-json\/wp\/v2\/pages\/25189","targetHints":{"allow":["GET"]}}],"collection":[{"href":"https:\/\/www.vivianbergamo.com.br\/pagina-inicial\/wp-json\/wp\/v2\/pages"}],"about":[{"href":"https:\/\/www.vivianbergamo.com.br\/pagina-inicial\/wp-json\/wp\/v2\/types\/page"}],"author":[{"embeddable":true,"href":"https:\/\/www.vivianbergamo.com.br\/pagina-inicial\/wp-json\/wp\/v2\/users\/1"}],"replies":[{"embeddable":true,"href":"https:\/\/www.vivianbergamo.com.br\/pagina-inicial\/wp-json\/wp\/v2\/comments?post=25189"}],"version-history":[{"count":12,"href":"https:\/\/www.vivianbergamo.com.br\/pagina-inicial\/wp-json\/wp\/v2\/pages\/25189\/revisions"}],"predecessor-version":[{"id":25371,"href":"https:\/\/www.vivianbergamo.com.br\/pagina-inicial\/wp-json\/wp\/v2\/pages\/25189\/revisions\/25371"}],"wp:attachment":[{"href":"https:\/\/www.vivianbergamo.com.br\/pagina-inicial\/wp-json\/wp\/v2\/media?parent=25189"}],"curies":[{"name":"wp","href":"https:\/\/api.w.org\/{rel}","templated":true}]}}